{"id":2,"date":"2024-05-17T09:44:48","date_gmt":"2024-05-17T09:44:48","guid":{"rendered":"https:\/\/ribate.rkinformatika.online\/?page_id=2"},"modified":"2024-05-27T11:02:04","modified_gmt":"2024-05-27T11:02:04","slug":"inicio","status":"publish","type":"page","link":"https:\/\/ribate.net\/eus\/","title":{"rendered":"Hasiera"},"content":{"rendered":"<div data-elementor-type=\"wp-page\" data-elementor-id=\"2\" class=\"elementor elementor-2\" data-elementor-post-type=\"page\">\n\t\t\t\t\t\t<section class=\"elementor-section elementor-top-section elementor-element elementor-element-26a7189 elementor-section-boxed elementor-section-height-default elementor-section-height-default\" data-id=\"26a7189\" data-element_type=\"section\" data-e-type=\"section\" data-settings=\"{&quot;background_background&quot;:&quot;classic&quot;}\">\n\t\t\t\t\t\t\t<div class=\"elementor-background-overlay\"><\/div>\n\t\t\t\t\t\t\t<div class=\"elementor-container elementor-column-gap-default\">\n\t\t\t\t\t<div class=\"elementor-column elementor-col-100 elementor-top-column elementor-element elementor-element-dcb6ddd\" data-id=\"dcb6ddd\" data-element_type=\"column\" data-e-type=\"column\">\n\t\t\t<div class=\"elementor-widget-wrap elementor-element-populated\">\n\t\t\t\t\t\t<div class=\"elementor-element elementor-element-64b087d elementor-widget elementor-widget-heading\" data-id=\"64b087d\" data-element_type=\"widget\" data-e-type=\"widget\" data-widget_type=\"heading.default\">\n\t\t\t\t<div class=\"elementor-widget-container\">\n\t\t\t\t\t<h2 class=\"elementor-heading-title elementor-size-default\">ONGI ETORRI RIBATERA<\/h2>\t\t\t\t<\/div>\n\t\t\t\t<\/div>\n\t\t\t\t<div class=\"elementor-element elementor-element-d4ec0ba elementor-widget elementor-widget-text-editor\" data-id=\"d4ec0ba\" data-element_type=\"widget\" data-e-type=\"widget\" data-widget_type=\"text-editor.default\">\n\t\t\t\t<div class=\"elementor-widget-container\">\n\t\t\t\t\t\t\t\t\t<p>Zure konfiantzazko negozio-aholkularitza<\/p>\t\t\t\t\t\t\t\t<\/div>\n\t\t\t\t<\/div>\n\t\t\t\t\t<\/div>\n\t\t<\/div>\n\t\t\t\t\t<\/div>\n\t\t<\/section>\n\t\t\t\t<section class=\"elementor-section elementor-top-section elementor-element elementor-element-1aaed619 elementor-reverse-tablet elementor-reverse-mobile elementor-section-boxed elementor-section-height-default elementor-section-height-default\" data-id=\"1aaed619\" data-element_type=\"section\" data-e-type=\"section\" data-settings=\"{&quot;background_background&quot;:&quot;classic&quot;}\">\n\t\t\t\t\t\t\t<div class=\"elementor-background-overlay\"><\/div>\n\t\t\t\t\t\t\t<div class=\"elementor-container elementor-column-gap-default\">\n\t\t\t\t\t<div class=\"elementor-column elementor-col-50 elementor-top-column elementor-element elementor-element-3f742891\" data-id=\"3f742891\" data-element_type=\"column\" data-e-type=\"column\">\n\t\t\t<div class=\"elementor-widget-wrap elementor-element-populated\">\n\t\t\t\t\t\t<div class=\"elementor-element elementor-element-6fe55b32 elementor-invisible elementor-widget elementor-widget-image\" data-id=\"6fe55b32\" data-element_type=\"widget\" data-e-type=\"widget\" data-settings=\"{&quot;_animation&quot;:&quot;fadeInLeft&quot;}\" data-widget_type=\"image.default\">\n\t\t\t\t<div class=\"elementor-widget-container\">\n\t\t\t\t\t\t\t\t\t\t\t\t\t\t\t<img fetchpriority=\"high\" decoding=\"async\" width=\"1280\" height=\"853\" src=\"https:\/\/ribate.net\/wp-content\/uploads\/2024\/05\/finance-manager-meeting-discussing-company-growth-project-success-financial-statistics.jpg\" class=\"attachment-full size-full wp-image-162\" alt=\"\" srcset=\"https:\/\/ribate.net\/wp-content\/uploads\/2024\/05\/finance-manager-meeting-discussing-company-growth-project-success-financial-statistics.jpg 1280w, https:\/\/ribate.net\/wp-content\/uploads\/2024\/05\/finance-manager-meeting-discussing-company-growth-project-success-financial-statistics-300x200.jpg 300w, https:\/\/ribate.net\/wp-content\/uploads\/2024\/05\/finance-manager-meeting-discussing-company-growth-project-success-financial-statistics-1024x682.jpg 1024w, https:\/\/ribate.net\/wp-content\/uploads\/2024\/05\/finance-manager-meeting-discussing-company-growth-project-success-financial-statistics-768x512.jpg 768w, https:\/\/ribate.net\/wp-content\/uploads\/2024\/05\/finance-manager-meeting-discussing-company-growth-project-success-financial-statistics-18x12.jpg 18w\" sizes=\"(max-width: 1280px) 100vw, 1280px\" \/>\t\t\t\t\t\t\t\t\t\t\t\t\t\t\t<\/div>\n\t\t\t\t<\/div>\n\t\t\t\t\t<\/div>\n\t\t<\/div>\n\t\t\t\t<div class=\"elementor-column elementor-col-50 elementor-top-column elementor-element elementor-element-730c3f78\" data-id=\"730c3f78\" data-element_type=\"column\" data-e-type=\"column\">\n\t\t\t<div class=\"elementor-widget-wrap elementor-element-populated\">\n\t\t\t\t\t\t<div class=\"elementor-element elementor-element-57207ada elementor-widget elementor-widget-heading\" data-id=\"57207ada\" data-element_type=\"widget\" data-e-type=\"widget\" data-widget_type=\"heading.default\">\n\t\t\t\t<div class=\"elementor-widget-container\">\n\t\t\t\t\t<h2 class=\"elementor-heading-title elementor-size-default\">Guri Buruz<\/h2>\t\t\t\t<\/div>\n\t\t\t\t<\/div>\n\t\t\t\t<div class=\"elementor-element elementor-element-50ba2acc elementor-invisible elementor-widget elementor-widget-heading\" data-id=\"50ba2acc\" data-element_type=\"widget\" data-e-type=\"widget\" data-settings=\"{&quot;_animation&quot;:&quot;fadeInRight&quot;}\" data-widget_type=\"heading.default\">\n\t\t\t\t<div class=\"elementor-widget-container\">\n\t\t\t\t\t<h2 class=\"elementor-heading-title elementor-size-default\">Emaitzarik onenak gure negozio-kontsuletxearekin<\/h2>\t\t\t\t<\/div>\n\t\t\t\t<\/div>\n\t\t\t\t<div class=\"elementor-element elementor-element-63d7d04a elementor-widget__width-initial elementor-widget elementor-widget-text-editor\" data-id=\"63d7d04a\" data-element_type=\"widget\" data-e-type=\"widget\" data-widget_type=\"text-editor.default\">\n\t\t\t\t<div class=\"elementor-widget-container\">\n\t\t\t\t\t\t\t\t\t<p><span style=\"vertical-align: inherit;\"><span style=\"vertical-align: inherit;\">Emaitzak optimizatzeko eta erakundeen errendimendua maximizatzeko berariaz diseinatutako enpresa-aholkularitzako zerbitzuak eskaintzen ditugu. Gure bezeroen arrakasta bultzatzen dugu, enpresa bakoitzaren beharretara egokitzen diren estrategia pertsonalizatuak eta irtenbide berritzaileak ezarriz. Gure ikuspegi integralak prozesuen azterketa zehatzetik hobekuntza praktikoen gomendiora arte hartzen du bere baitan, horrela hazkunde jasangarria eta merkatuan lehiarako abantaila ziurtatuz.<\/span><\/span><\/p>\t\t\t\t\t\t\t\t<\/div>\n\t\t\t\t<\/div>\n\t\t\t\t<section class=\"elementor-section elementor-inner-section elementor-element elementor-element-4cb4bb95 elementor-section-boxed elementor-section-height-default elementor-section-height-default\" data-id=\"4cb4bb95\" data-element_type=\"section\" data-e-type=\"section\">\n\t\t\t\t\t\t<div class=\"elementor-container elementor-column-gap-no\">\n\t\t\t\t\t<div class=\"elementor-column elementor-col-100 elementor-inner-column elementor-element elementor-element-6360a7d8\" data-id=\"6360a7d8\" data-element_type=\"column\" data-e-type=\"column\">\n\t\t\t<div class=\"elementor-widget-wrap elementor-element-populated\">\n\t\t\t\t\t\t<div class=\"elementor-element elementor-element-1ea7e1d8 elementor-widget-mobile__width-initial elementor-widget elementor-widget-counter\" data-id=\"1ea7e1d8\" data-element_type=\"widget\" data-e-type=\"widget\" data-widget_type=\"counter.default\">\n\t\t\t\t<div class=\"elementor-widget-container\">\n\t\t\t\t\t\t\t<div class=\"elementor-counter\">\n\t\t\t<div class=\"elementor-counter-title\">Urteko esperientzia<\/div>\t\t\t<div class=\"elementor-counter-number-wrapper\">\n\t\t\t\t<span class=\"elementor-counter-number-prefix\"><\/span>\n\t\t\t\t<span class=\"elementor-counter-number\" data-duration=\"2000\" data-to-value=\"35\" data-from-value=\"0\" data-delimiter=\",\">0<\/span>\n\t\t\t\t<span class=\"elementor-counter-number-suffix\">+<\/span>\n\t\t\t<\/div>\n\t\t<\/div>\n\t\t\t\t\t\t<\/div>\n\t\t\t\t<\/div>\n\t\t\t\t\t<\/div>\n\t\t<\/div>\n\t\t\t\t\t<\/div>\n\t\t<\/section>\n\t\t\t\t\t<\/div>\n\t\t<\/div>\n\t\t\t\t\t<\/div>\n\t\t<\/section>\n\t\t\t\t<section class=\"elementor-section elementor-top-section elementor-element elementor-element-2598a8cc elementor-section-full_width elementor-section-height-default elementor-section-height-default\" data-id=\"2598a8cc\" data-element_type=\"section\" data-e-type=\"section\" data-settings=\"{&quot;background_background&quot;:&quot;classic&quot;}\">\n\t\t\t\t\t\t\t<div class=\"elementor-background-overlay\"><\/div>\n\t\t\t\t\t\t\t<div class=\"elementor-container elementor-column-gap-default\">\n\t\t\t\t\t<div class=\"elementor-column elementor-col-100 elementor-top-column elementor-element elementor-element-22608a1d elementor-invisible\" data-id=\"22608a1d\" data-element_type=\"column\" data-e-type=\"column\" data-settings=\"{&quot;animation&quot;:&quot;fadeIn&quot;}\">\n\t\t\t<div class=\"elementor-widget-wrap elementor-element-populated\">\n\t\t\t\t\t\t<div class=\"elementor-element elementor-element-6e755fbf elementor-widget elementor-widget-heading\" data-id=\"6e755fbf\" data-element_type=\"widget\" data-e-type=\"widget\" data-widget_type=\"heading.default\">\n\t\t\t\t<div class=\"elementor-widget-container\">\n\t\t\t\t\t<h2 class=\"elementor-heading-title elementor-size-default\">Gehiago jakin nahi duzu gure zerbitzuei buruz?<\/h2>\t\t\t\t<\/div>\n\t\t\t\t<\/div>\n\t\t\t\t<div class=\"elementor-element elementor-element-3721cc2 elementor-widget elementor-widget-text-editor\" data-id=\"3721cc2\" data-element_type=\"widget\" data-e-type=\"widget\" data-widget_type=\"text-editor.default\">\n\t\t\t\t<div class=\"elementor-widget-container\">\n\t\t\t\t\t\t\t\t\t<p>Ez izan zalantzarik gurekin harremanetan jartzeko, pozik erantzungo dizugu!<\/p>\t\t\t\t\t\t\t\t<\/div>\n\t\t\t\t<\/div>\n\t\t\t\t<div class=\"elementor-element elementor-element-d55a7b8 elementor-align-center elementor-widget elementor-widget-button\" data-id=\"d55a7b8\" data-element_type=\"widget\" data-e-type=\"widget\" data-widget_type=\"button.default\">\n\t\t\t\t<div class=\"elementor-widget-container\">\n\t\t\t\t\t\t\t\t\t<div class=\"elementor-button-wrapper\">\n\t\t\t\t\t<a class=\"elementor-button elementor-button-link elementor-size-sm\" href=\"https:\/\/ribate.net\/eus\/contacto\/\">\n\t\t\t\t\t\t<span class=\"elementor-button-content-wrapper\">\n\t\t\t\t\t\t\t\t\t<span class=\"elementor-button-text\">Kontaktatu<\/span>\n\t\t\t\t\t<\/span>\n\t\t\t\t\t<\/a>\n\t\t\t\t<\/div>\n\t\t\t\t\t\t\t\t<\/div>\n\t\t\t\t<\/div>\n\t\t\t\t\t<\/div>\n\t\t<\/div>\n\t\t\t\t\t<\/div>\n\t\t<\/section>\n\t\t\t\t<\/div>","protected":false},"excerpt":{"rendered":"<p>BIENVENIDOS A RIBATE Tu consultor\u00eda de negocio de confianza Sobre Nosotros Los mejores resultados con nuestra consulator\u00eda de negocios Ofrecemos servicios de consultor\u00eda empresarial dise\u00f1ados espec\u00edficamente para optimizar resultados y maximizar el rendimiento de las organizaciones. Nos dedicamos a impulsar el \u00e9xito de nuestros clientes mediante la implementaci\u00f3n de estrategias personalizadas y soluciones innovadoras que [&hellip;]<\/p>\n","protected":false},"author":1,"featured_media":0,"parent":0,"menu_order":0,"comment_status":"closed","ping_status":"closed","template":"elementor_canvas","meta":{"footnotes":""},"class_list":["post-2","page","type-page","status-publish","hentry"],"yoast_head":"<!-- This site is optimized with the Yoast SEO plugin v27.6 - https:\/\/yoast.com\/product\/yoast-seo-wordpress\/ -->\n<title>Inicio - RIBATE<\/title>\n<meta name=\"robots\" content=\"index, follow, max-snippet:-1, max-image-preview:large, max-video-preview:-1\" \/>\n<link rel=\"canonical\" href=\"https:\/\/ribate.net\/eus\/\" \/>\n<meta property=\"og:locale\" content=\"en_US\" \/>\n<meta property=\"og:type\" content=\"article\" \/>\n<meta property=\"og:title\" content=\"Inicio - RIBATE\" \/>\n<meta property=\"og:description\" content=\"BIENVENIDOS A RIBATE Tu consultor\u00eda de negocio de confianza Sobre Nosotros Los mejores resultados con nuestra consulator\u00eda de negocios Ofrecemos servicios de consultor\u00eda empresarial dise\u00f1ados espec\u00edficamente para optimizar resultados y maximizar el rendimiento de las organizaciones. Nos dedicamos a impulsar el \u00e9xito de nuestros clientes mediante la implementaci\u00f3n de estrategias personalizadas y soluciones innovadoras que [&hellip;]\" \/>\n<meta property=\"og:url\" content=\"https:\/\/ribate.net\/eus\/\" \/>\n<meta property=\"og:site_name\" content=\"RIBATE\" \/>\n<meta property=\"article:modified_time\" content=\"2024-05-27T11:02:04+00:00\" \/>\n<meta property=\"og:image\" content=\"https:\/\/ribate.net\/wp-content\/uploads\/2024\/05\/finance-manager-meeting-discussing-company-growth-project-success-financial-statistics.jpg\" \/>\n<meta name=\"twitter:card\" content=\"summary_large_image\" \/>\n<meta name=\"twitter:label1\" content=\"Est. reading time\" \/>\n\t<meta name=\"twitter:data1\" content=\"1 minutua\" \/>\n<script type=\"application\/ld+json\" class=\"yoast-schema-graph\">{\"@context\":\"https:\\\/\\\/schema.org\",\"@graph\":[{\"@type\":\"WebPage\",\"@id\":\"https:\\\/\\\/ribate.net\\\/\",\"url\":\"https:\\\/\\\/ribate.net\\\/\",\"name\":\"Inicio - RIBATE\",\"isPartOf\":{\"@id\":\"https:\\\/\\\/ribate.net\\\/#website\"},\"primaryImageOfPage\":{\"@id\":\"https:\\\/\\\/ribate.net\\\/#primaryimage\"},\"image\":{\"@id\":\"https:\\\/\\\/ribate.net\\\/#primaryimage\"},\"thumbnailUrl\":\"https:\\\/\\\/ribate.net\\\/wp-content\\\/uploads\\\/2024\\\/05\\\/finance-manager-meeting-discussing-company-growth-project-success-financial-statistics.jpg\",\"datePublished\":\"2024-05-17T09:44:48+00:00\",\"dateModified\":\"2024-05-27T11:02:04+00:00\",\"breadcrumb\":{\"@id\":\"https:\\\/\\\/ribate.net\\\/#breadcrumb\"},\"inLanguage\":\"eu\",\"potentialAction\":[{\"@type\":\"ReadAction\",\"target\":[\"https:\\\/\\\/ribate.net\\\/\"]}]},{\"@type\":\"ImageObject\",\"inLanguage\":\"eu\",\"@id\":\"https:\\\/\\\/ribate.net\\\/#primaryimage\",\"url\":\"https:\\\/\\\/ribate.net\\\/wp-content\\\/uploads\\\/2024\\\/05\\\/finance-manager-meeting-discussing-company-growth-project-success-financial-statistics.jpg\",\"contentUrl\":\"https:\\\/\\\/ribate.net\\\/wp-content\\\/uploads\\\/2024\\\/05\\\/finance-manager-meeting-discussing-company-growth-project-success-financial-statistics.jpg\"},{\"@type\":\"BreadcrumbList\",\"@id\":\"https:\\\/\\\/ribate.net\\\/#breadcrumb\",\"itemListElement\":[{\"@type\":\"ListItem\",\"position\":1,\"name\":\"Portada\",\"item\":\"https:\\\/\\\/ribate.net\\\/\"},{\"@type\":\"ListItem\",\"position\":2,\"name\":\"Inicio\"}]},{\"@type\":\"WebSite\",\"@id\":\"https:\\\/\\\/ribate.net\\\/#website\",\"url\":\"https:\\\/\\\/ribate.net\\\/\",\"name\":\"RIBATE\",\"description\":\"Consultor\u00eda de negocio\",\"publisher\":{\"@id\":\"https:\\\/\\\/ribate.net\\\/#organization\"},\"potentialAction\":[{\"@type\":\"SearchAction\",\"target\":{\"@type\":\"EntryPoint\",\"urlTemplate\":\"https:\\\/\\\/ribate.net\\\/?s={search_term_string}\"},\"query-input\":{\"@type\":\"PropertyValueSpecification\",\"valueRequired\":true,\"valueName\":\"search_term_string\"}}],\"inLanguage\":\"eu\"},{\"@type\":\"Organization\",\"@id\":\"https:\\\/\\\/ribate.net\\\/#organization\",\"name\":\"RIBATE\",\"url\":\"https:\\\/\\\/ribate.net\\\/\",\"logo\":{\"@type\":\"ImageObject\",\"inLanguage\":\"eu\",\"@id\":\"https:\\\/\\\/ribate.net\\\/#\\\/schema\\\/logo\\\/image\\\/\",\"url\":\"https:\\\/\\\/ribate.net\\\/wp-content\\\/uploads\\\/2024\\\/05\\\/cropped-RTB_Mesa-de-trabajo-1.png\",\"contentUrl\":\"https:\\\/\\\/ribate.net\\\/wp-content\\\/uploads\\\/2024\\\/05\\\/cropped-RTB_Mesa-de-trabajo-1.png\",\"width\":1920,\"height\":483,\"caption\":\"RIBATE\"},\"image\":{\"@id\":\"https:\\\/\\\/ribate.net\\\/#\\\/schema\\\/logo\\\/image\\\/\"}}]}<\/script>\n<!-- \/ Yoast SEO plugin. -->","yoast_head_json":{"title":"Inicio - RIBATE","robots":{"index":"index","follow":"follow","max-snippet":"max-snippet:-1","max-image-preview":"max-image-preview:large","max-video-preview":"max-video-preview:-1"},"canonical":"https:\/\/ribate.net\/eus\/","og_locale":"en_US","og_type":"article","og_title":"Inicio - RIBATE","og_description":"BIENVENIDOS A RIBATE Tu consultor\u00eda de negocio de confianza Sobre Nosotros Los mejores resultados con nuestra consulator\u00eda de negocios Ofrecemos servicios de consultor\u00eda empresarial dise\u00f1ados espec\u00edficamente para optimizar resultados y maximizar el rendimiento de las organizaciones. Nos dedicamos a impulsar el \u00e9xito de nuestros clientes mediante la implementaci\u00f3n de estrategias personalizadas y soluciones innovadoras que [&hellip;]","og_url":"https:\/\/ribate.net\/eus\/","og_site_name":"RIBATE","article_modified_time":"2024-05-27T11:02:04+00:00","og_image":[{"url":"https:\/\/ribate.net\/wp-content\/uploads\/2024\/05\/finance-manager-meeting-discussing-company-growth-project-success-financial-statistics.jpg","type":"","width":"","height":""}],"twitter_card":"summary_large_image","twitter_misc":{"Est. reading time":"1 minutua"},"schema":{"@context":"https:\/\/schema.org","@graph":[{"@type":"WebPage","@id":"https:\/\/ribate.net\/","url":"https:\/\/ribate.net\/","name":"Inicio - RIBATE","isPartOf":{"@id":"https:\/\/ribate.net\/#website"},"primaryImageOfPage":{"@id":"https:\/\/ribate.net\/#primaryimage"},"image":{"@id":"https:\/\/ribate.net\/#primaryimage"},"thumbnailUrl":"https:\/\/ribate.net\/wp-content\/uploads\/2024\/05\/finance-manager-meeting-discussing-company-growth-project-success-financial-statistics.jpg","datePublished":"2024-05-17T09:44:48+00:00","dateModified":"2024-05-27T11:02:04+00:00","breadcrumb":{"@id":"https:\/\/ribate.net\/#breadcrumb"},"inLanguage":"eu","potentialAction":[{"@type":"ReadAction","target":["https:\/\/ribate.net\/"]}]},{"@type":"ImageObject","inLanguage":"eu","@id":"https:\/\/ribate.net\/#primaryimage","url":"https:\/\/ribate.net\/wp-content\/uploads\/2024\/05\/finance-manager-meeting-discussing-company-growth-project-success-financial-statistics.jpg","contentUrl":"https:\/\/ribate.net\/wp-content\/uploads\/2024\/05\/finance-manager-meeting-discussing-company-growth-project-success-financial-statistics.jpg"},{"@type":"BreadcrumbList","@id":"https:\/\/ribate.net\/#breadcrumb","itemListElement":[{"@type":"ListItem","position":1,"name":"Portada","item":"https:\/\/ribate.net\/"},{"@type":"ListItem","position":2,"name":"Inicio"}]},{"@type":"WebSite","@id":"https:\/\/ribate.net\/#website","url":"https:\/\/ribate.net\/","name":"RIBATE","description":"Consultor\u00eda de negocio","publisher":{"@id":"https:\/\/ribate.net\/#organization"},"potentialAction":[{"@type":"SearchAction","target":{"@type":"EntryPoint","urlTemplate":"https:\/\/ribate.net\/?s={search_term_string}"},"query-input":{"@type":"PropertyValueSpecification","valueRequired":true,"valueName":"search_term_string"}}],"inLanguage":"eu"},{"@type":"Organization","@id":"https:\/\/ribate.net\/#organization","name":"RIBATE","url":"https:\/\/ribate.net\/","logo":{"@type":"ImageObject","inLanguage":"eu","@id":"https:\/\/ribate.net\/#\/schema\/logo\/image\/","url":"https:\/\/ribate.net\/wp-content\/uploads\/2024\/05\/cropped-RTB_Mesa-de-trabajo-1.png","contentUrl":"https:\/\/ribate.net\/wp-content\/uploads\/2024\/05\/cropped-RTB_Mesa-de-trabajo-1.png","width":1920,"height":483,"caption":"RIBATE"},"image":{"@id":"https:\/\/ribate.net\/#\/schema\/logo\/image\/"}}]}},"_links":{"self":[{"href":"https:\/\/ribate.net\/eus\/wp-json\/wp\/v2\/pages\/2","targetHints":{"allow":["GET"]}}],"collection":[{"href":"https:\/\/ribate.net\/eus\/wp-json\/wp\/v2\/pages"}],"about":[{"href":"https:\/\/ribate.net\/eus\/wp-json\/wp\/v2\/types\/page"}],"author":[{"embeddable":true,"href":"https:\/\/ribate.net\/eus\/wp-json\/wp\/v2\/users\/1"}],"replies":[{"embeddable":true,"href":"https:\/\/ribate.net\/eus\/wp-json\/wp\/v2\/comments?post=2"}],"version-history":[{"count":323,"href":"https:\/\/ribate.net\/eus\/wp-json\/wp\/v2\/pages\/2\/revisions"}],"predecessor-version":[{"id":718,"href":"https:\/\/ribate.net\/eus\/wp-json\/wp\/v2\/pages\/2\/revisions\/718"}],"wp:attachment":[{"href":"https:\/\/ribate.net\/eus\/wp-json\/wp\/v2\/media?parent=2"}],"curies":[{"name":"wp","href":"https:\/\/api.w.org\/{rel}","templated":true}]}}